{"id":60343,"date":"2025-02-10T12:57:33","date_gmt":"2025-02-10T15:57:33","guid":{"rendered":"https:\/\/inversol.cl\/?post_type=product&#038;p=60343"},"modified":"2025-02-10T12:57:33","modified_gmt":"2025-02-10T15:57:33","slug":"dispensador-zuncho-acero-pet","status":"publish","type":"product","link":"https:\/\/inversol.cl\/index.php\/producto\/dispensador-zuncho-acero-pet\/","title":{"rendered":"Dispensador Zuncho Acero\/Pet"},"content":{"rendered":"<p>Carro dispensador utilizado para Zuncho Acero y Poli\u00e9ster, simplifica la funci\u00f3n con los rollos, Consta con un sistema de frenado, posee adem\u00e1s un gabinete met\u00e1lico para dispensar sellos y herramientas, porta rollo de 40,6 cms.<\/p>\n<p>Confeccionado en Acero Tubular de Alta resistencia con ruedas s\u00f3lidas.<\/p>\n","protected":false},"excerpt":{"rendered":"<p>Carro dispensador utilizado para Zuncho Acero y Poli\u00e9ster, simplifica la funci\u00f3n con los rollos, Consta con un sistema de frenado, posee adem\u00e1s un gabinete met\u00e1lico para dispensar sellos y herramientas, porta rollo de 40,6 cms. Confeccionado en Acero Tubular de Alta resistencia con ruedas s\u00f3lidas.<\/p>\n","protected":false},"featured_media":60344,"template":"","meta":{"_acf_changed":false},"product_cat":[1673],"product_tag":[],"class_list":{"0":"post-60343","1":"product","2":"type-product","3":"status-publish","4":"has-post-thumbnail","6":"product_cat-accesorios-semi","8":"first","9":"instock","10":"shipping-taxable","11":"product-type-simple"},"acf":[],"_links":{"self":[{"href":"https:\/\/inversol.cl\/index.php\/wp-json\/wp\/v2\/product\/60343","targetHints":{"allow":["GET"]}}],"collection":[{"href":"https:\/\/inversol.cl\/index.php\/wp-json\/wp\/v2\/product"}],"about":[{"href":"https:\/\/inversol.cl\/index.php\/wp-json\/wp\/v2\/types\/product"}],"wp:featuredmedia":[{"embeddable":true,"href":"https:\/\/inversol.cl\/index.php\/wp-json\/wp\/v2\/media\/60344"}],"wp:attachment":[{"href":"https:\/\/inversol.cl\/index.php\/wp-json\/wp\/v2\/media?parent=60343"}],"wp:term":[{"taxonomy":"product_cat","embeddable":true,"href":"https:\/\/inversol.cl\/index.php\/wp-json\/wp\/v2\/product_cat?post=60343"},{"taxonomy":"product_tag","embeddable":true,"href":"https:\/\/inversol.cl\/index.php\/wp-json\/wp\/v2\/product_tag?post=60343"}],"curies":[{"name":"wp","href":"https:\/\/api.w.org\/{rel}","templated":true}]}}